{"id":2855,"date":"2025-09-13T21:37:38","date_gmt":"2025-09-13T21:37:38","guid":{"rendered":"https:\/\/eppne.ca\/?post_type=tribe_events&#038;p=2855"},"modified":"2025-09-18T08:03:08","modified_gmt":"2025-09-18T08:03:08","slug":"marche-20-septembre-a-montrleal-metro-guy-concordia-march-on-september-20th","status":"publish","type":"tribe_events","link":"https:\/\/eppne.ca\/en\/event\/marche-20-septembre-a-montrleal-metro-guy-concordia-march-on-september-20th\/","title":{"rendered":"Marche 20 septembre \u00e0 Montrl\u00e9al (M\u00e9tro Guy-Concordia) &#8211; March on September 20th"},"content":{"rendered":"<p>Non \u00e0 l&#8217;id\u00e9ologie du genre dans les \u00e9coles, No to gender ideology in schools<\/p>\n<p>Le samedi 20 septembre \u00e0 10 heure au 1515, Rue Sainte-Catherie Ouest Montr\u00e9al Qu\u00e9bec<\/p>\n<p>Saturday at 10 am at 1515, Sainte-Catherine West Montr\u00e9al, Qu\u00e9bec<\/p>\n<p><img fetchpriority=\"high\" decoding=\"async\" class=\"alignnone size-medium wp-image-2865\" src=\"http:\/\/eppne.ca\/wp-content\/uploads\/2025\/09\/20-sept-225x300.jpg\" alt=\"\" width=\"225\" height=\"300\" srcset=\"https:\/\/eppne.ca\/wp-content\/uploads\/2025\/09\/20-sept-225x300.jpg 225w, https:\/\/eppne.ca\/wp-content\/uploads\/2025\/09\/20-sept.jpg 598w\" sizes=\"(max-width: 225px) 100vw, 225px\" \/><\/p>","protected":false},"excerpt":{"rendered":"<p>Non \u00e0 l&#8217;id\u00e9ologie du genre dans les \u00e9coles &#8211; No to gender ideology in schools<\/p>","protected":false},"author":3,"featured_media":2865,"template":"","meta":{"_coblocks_attr":"","_coblocks_dimensions":"","_coblocks_responsive_height":"","_coblocks_accordion_ie_support":"","_tribe_events_status":"","_tribe_events_status_reason":"","footnotes":""},"tags":[79,80,81],"tribe_events_cat":[74],"class_list":["post-2855","tribe_events","type-tribe_events","status-publish","has-post-thumbnail","hentry","tag-manifestation","tag-marche","tag-montreal","tribe_events_cat-manifestation","cat_manifestation"],"yoast_head":"<!-- This site is optimized with the Yoast SEO plugin v27.5 - https:\/\/yoast.com\/product\/yoast-seo-wordpress\/ -->\n<title>Marche 20 septembre \u00e0 Montrl\u00e9al (M\u00e9tro Guy-Concordia) - March on September 20th - EPPNE<\/title>\n<meta name=\"description\" content=\"Non \u00e0 l&#039;id\u00e9ologie du genre dans les \u00e9coles - No to gender ideology in schools\" \/>\n<meta name=\"robots\" content=\"index, follow, max-snippet:-1, max-image-preview:large, max-video-preview:-1\" \/>\n<link rel=\"canonical\" href=\"https:\/\/eppne.ca\/en\/event\/marche-20-septembre-a-montrleal-metro-guy-concordia-march-on-september-20th\/\" \/>\n<meta property=\"og:locale\" content=\"en_US\" \/>\n<meta property=\"og:type\" content=\"article\" \/>\n<meta property=\"og:title\" content=\"Marche 20 septembre \u00e0 Montrl\u00e9al (M\u00e9tro Guy-Concordia) - March on September 20th - EPPNE\" \/>\n<meta property=\"og:description\" content=\"Non \u00e0 l&#039;id\u00e9ologie du genre dans les \u00e9coles - No to gender ideology in schools\" \/>\n<meta property=\"og:url\" content=\"https:\/\/eppne.ca\/en\/event\/marche-20-septembre-a-montrleal-metro-guy-concordia-march-on-september-20th\/\" \/>\n<meta property=\"og:site_name\" content=\"EPPNE\" \/>\n<meta property=\"article:modified_time\" content=\"2025-09-18T08:03:08+00:00\" \/>\n<meta property=\"og:image\" content=\"https:\/\/eppne.ca\/wp-content\/uploads\/2025\/09\/20-sept.jpg\" \/>\n\t<meta property=\"og:image:width\" content=\"598\" \/>\n\t<meta property=\"og:image:height\" content=\"799\" \/>\n\t<meta property=\"og:image:type\" content=\"image\/jpeg\" \/>\n<meta name=\"twitter:card\" content=\"summary_large_image\" \/>\n<meta name=\"twitter:label1\" content=\"Est. reading time\" \/>\n\t<meta name=\"twitter:data1\" content=\"1 minute\" \/>\n<script type=\"application\/ld+json\" class=\"yoast-schema-graph\">{\"@context\":\"https:\\\/\\\/schema.org\",\"@graph\":[{\"@type\":\"WebPage\",\"@id\":\"https:\\\/\\\/eppne.ca\\\/event\\\/marche-20-septembre-a-montrleal-metro-guy-concordia-march-on-september-20th\\\/\",\"url\":\"https:\\\/\\\/eppne.ca\\\/event\\\/marche-20-septembre-a-montrleal-metro-guy-concordia-march-on-september-20th\\\/\",\"name\":\"Marche 20 septembre \u00e0 Montrl\u00e9al (M\u00e9tro Guy-Concordia) - March on September 20th - EPPNE\",\"isPartOf\":{\"@id\":\"https:\\\/\\\/eppne.ca\\\/#website\"},\"primaryImageOfPage\":{\"@id\":\"https:\\\/\\\/eppne.ca\\\/event\\\/marche-20-septembre-a-montrleal-metro-guy-concordia-march-on-september-20th\\\/#primaryimage\"},\"image\":{\"@id\":\"https:\\\/\\\/eppne.ca\\\/event\\\/marche-20-septembre-a-montrleal-metro-guy-concordia-march-on-september-20th\\\/#primaryimage\"},\"thumbnailUrl\":\"https:\\\/\\\/eppne.ca\\\/wp-content\\\/uploads\\\/2025\\\/09\\\/20-sept.jpg\",\"datePublished\":\"2025-09-13T21:37:38+00:00\",\"dateModified\":\"2025-09-18T08:03:08+00:00\",\"description\":\"Non \u00e0 l'id\u00e9ologie du genre dans les \u00e9coles - No to gender ideology in schools\",\"breadcrumb\":{\"@id\":\"https:\\\/\\\/eppne.ca\\\/event\\\/marche-20-septembre-a-montrleal-metro-guy-concordia-march-on-september-20th\\\/#breadcrumb\"},\"inLanguage\":\"en-CA\",\"potentialAction\":[{\"@type\":\"ReadAction\",\"target\":[\"https:\\\/\\\/eppne.ca\\\/event\\\/marche-20-septembre-a-montrleal-metro-guy-concordia-march-on-september-20th\\\/\"]}]},{\"@type\":\"ImageObject\",\"inLanguage\":\"en-CA\",\"@id\":\"https:\\\/\\\/eppne.ca\\\/event\\\/marche-20-septembre-a-montrleal-metro-guy-concordia-march-on-september-20th\\\/#primaryimage\",\"url\":\"https:\\\/\\\/eppne.ca\\\/wp-content\\\/uploads\\\/2025\\\/09\\\/20-sept.jpg\",\"contentUrl\":\"https:\\\/\\\/eppne.ca\\\/wp-content\\\/uploads\\\/2025\\\/09\\\/20-sept.jpg\",\"width\":598,\"height\":799},{\"@type\":\"BreadcrumbList\",\"@id\":\"https:\\\/\\\/eppne.ca\\\/event\\\/marche-20-septembre-a-montrleal-metro-guy-concordia-march-on-september-20th\\\/#breadcrumb\",\"itemListElement\":[{\"@type\":\"ListItem\",\"position\":1,\"name\":\"Home\",\"item\":\"https:\\\/\\\/eppne.ca\\\/\"},{\"@type\":\"ListItem\",\"position\":2,\"name\":\"Events\",\"item\":\"https:\\\/\\\/eppne.ca\\\/en\\\/events\\\/\"},{\"@type\":\"ListItem\",\"position\":3,\"name\":\"Marche 20 septembre \u00e0 Montrl\u00e9al (M\u00e9tro Guy-Concordia) &#8211; March on September 20th\"}]},{\"@type\":\"WebSite\",\"@id\":\"https:\\\/\\\/eppne.ca\\\/#website\",\"url\":\"https:\\\/\\\/eppne.ca\\\/\",\"name\":\"EPPNE\",\"description\":\"Ensemble pour prot\u00e9ger nos enfants\",\"publisher\":{\"@id\":\"https:\\\/\\\/eppne.ca\\\/#organization\"},\"potentialAction\":[{\"@type\":\"SearchAction\",\"target\":{\"@type\":\"EntryPoint\",\"urlTemplate\":\"https:\\\/\\\/eppne.ca\\\/?s={search_term_string}\"},\"query-input\":{\"@type\":\"PropertyValueSpecification\",\"valueRequired\":true,\"valueName\":\"search_term_string\"}}],\"inLanguage\":\"en-CA\"},{\"@type\":\"Organization\",\"@id\":\"https:\\\/\\\/eppne.ca\\\/#organization\",\"name\":\"EPPNE\",\"url\":\"https:\\\/\\\/eppne.ca\\\/\",\"logo\":{\"@type\":\"ImageObject\",\"inLanguage\":\"en-CA\",\"@id\":\"https:\\\/\\\/eppne.ca\\\/#\\\/schema\\\/logo\\\/image\\\/\",\"url\":\"https:\\\/\\\/eppne.ca\\\/wp-content\\\/uploads\\\/2024\\\/02\\\/cropped-Enssemble-pour-proteger-nos-enfants-Logo.png\",\"contentUrl\":\"https:\\\/\\\/eppne.ca\\\/wp-content\\\/uploads\\\/2024\\\/02\\\/cropped-Enssemble-pour-proteger-nos-enfants-Logo.png\",\"width\":500,\"height\":250,\"caption\":\"EPPNE\"},\"image\":{\"@id\":\"https:\\\/\\\/eppne.ca\\\/#\\\/schema\\\/logo\\\/image\\\/\"}}]}<\/script>\n<!-- \/ Yoast SEO plugin. -->","yoast_head_json":{"title":"Marche 20 septembre \u00e0 Montrl\u00e9al (M\u00e9tro Guy-Concordia) - March on September 20th - EPPNE","description":"Non \u00e0 l'id\u00e9ologie du genre dans les \u00e9coles - No to gender ideology in schools","robots":{"index":"index","follow":"follow","max-snippet":"max-snippet:-1","max-image-preview":"max-image-preview:large","max-video-preview":"max-video-preview:-1"},"canonical":"https:\/\/eppne.ca\/en\/event\/marche-20-septembre-a-montrleal-metro-guy-concordia-march-on-september-20th\/","og_locale":"en_US","og_type":"article","og_title":"Marche 20 septembre \u00e0 Montrl\u00e9al (M\u00e9tro Guy-Concordia) - March on September 20th - EPPNE","og_description":"Non \u00e0 l'id\u00e9ologie du genre dans les \u00e9coles - No to gender ideology in schools","og_url":"https:\/\/eppne.ca\/en\/event\/marche-20-septembre-a-montrleal-metro-guy-concordia-march-on-september-20th\/","og_site_name":"EPPNE","article_modified_time":"2025-09-18T08:03:08+00:00","og_image":[{"width":598,"height":799,"url":"https:\/\/eppne.ca\/wp-content\/uploads\/2025\/09\/20-sept.jpg","type":"image\/jpeg"}],"twitter_card":"summary_large_image","twitter_misc":{"Est. reading time":"1 minute"},"schema":{"@context":"https:\/\/schema.org","@graph":[{"@type":"WebPage","@id":"https:\/\/eppne.ca\/event\/marche-20-septembre-a-montrleal-metro-guy-concordia-march-on-september-20th\/","url":"https:\/\/eppne.ca\/event\/marche-20-septembre-a-montrleal-metro-guy-concordia-march-on-september-20th\/","name":"Marche 20 septembre \u00e0 Montrl\u00e9al (M\u00e9tro Guy-Concordia) - March on September 20th - EPPNE","isPartOf":{"@id":"https:\/\/eppne.ca\/#website"},"primaryImageOfPage":{"@id":"https:\/\/eppne.ca\/event\/marche-20-septembre-a-montrleal-metro-guy-concordia-march-on-september-20th\/#primaryimage"},"image":{"@id":"https:\/\/eppne.ca\/event\/marche-20-septembre-a-montrleal-metro-guy-concordia-march-on-september-20th\/#primaryimage"},"thumbnailUrl":"https:\/\/eppne.ca\/wp-content\/uploads\/2025\/09\/20-sept.jpg","datePublished":"2025-09-13T21:37:38+00:00","dateModified":"2025-09-18T08:03:08+00:00","description":"Non \u00e0 l'id\u00e9ologie du genre dans les \u00e9coles - No to gender ideology in schools","breadcrumb":{"@id":"https:\/\/eppne.ca\/event\/marche-20-septembre-a-montrleal-metro-guy-concordia-march-on-september-20th\/#breadcrumb"},"inLanguage":"en-CA","potentialAction":[{"@type":"ReadAction","target":["https:\/\/eppne.ca\/event\/marche-20-septembre-a-montrleal-metro-guy-concordia-march-on-september-20th\/"]}]},{"@type":"ImageObject","inLanguage":"en-CA","@id":"https:\/\/eppne.ca\/event\/marche-20-septembre-a-montrleal-metro-guy-concordia-march-on-september-20th\/#primaryimage","url":"https:\/\/eppne.ca\/wp-content\/uploads\/2025\/09\/20-sept.jpg","contentUrl":"https:\/\/eppne.ca\/wp-content\/uploads\/2025\/09\/20-sept.jpg","width":598,"height":799},{"@type":"BreadcrumbList","@id":"https:\/\/eppne.ca\/event\/marche-20-septembre-a-montrleal-metro-guy-concordia-march-on-september-20th\/#breadcrumb","itemListElement":[{"@type":"ListItem","position":1,"name":"Home","item":"https:\/\/eppne.ca\/"},{"@type":"ListItem","position":2,"name":"Events","item":"https:\/\/eppne.ca\/en\/events\/"},{"@type":"ListItem","position":3,"name":"Marche 20 septembre \u00e0 Montrl\u00e9al (M\u00e9tro Guy-Concordia) &#8211; March on September 20th"}]},{"@type":"WebSite","@id":"https:\/\/eppne.ca\/#website","url":"https:\/\/eppne.ca\/","name":"EPPNE","description":"Ensemble pour prot\u00e9ger nos enfants","publisher":{"@id":"https:\/\/eppne.ca\/#organization"},"potentialAction":[{"@type":"SearchAction","target":{"@type":"EntryPoint","urlTemplate":"https:\/\/eppne.ca\/?s={search_term_string}"},"query-input":{"@type":"PropertyValueSpecification","valueRequired":true,"valueName":"search_term_string"}}],"inLanguage":"en-CA"},{"@type":"Organization","@id":"https:\/\/eppne.ca\/#organization","name":"EPPNE","url":"https:\/\/eppne.ca\/","logo":{"@type":"ImageObject","inLanguage":"en-CA","@id":"https:\/\/eppne.ca\/#\/schema\/logo\/image\/","url":"https:\/\/eppne.ca\/wp-content\/uploads\/2024\/02\/cropped-Enssemble-pour-proteger-nos-enfants-Logo.png","contentUrl":"https:\/\/eppne.ca\/wp-content\/uploads\/2024\/02\/cropped-Enssemble-pour-proteger-nos-enfants-Logo.png","width":500,"height":250,"caption":"EPPNE"},"image":{"@id":"https:\/\/eppne.ca\/#\/schema\/logo\/image\/"}}]}},"_links":{"self":[{"href":"https:\/\/eppne.ca\/en\/wp-json\/wp\/v2\/tribe_events\/2855","targetHints":{"allow":["GET"]}}],"collection":[{"href":"https:\/\/eppne.ca\/en\/wp-json\/wp\/v2\/tribe_events"}],"about":[{"href":"https:\/\/eppne.ca\/en\/wp-json\/wp\/v2\/types\/tribe_events"}],"author":[{"embeddable":true,"href":"https:\/\/eppne.ca\/en\/wp-json\/wp\/v2\/users\/3"}],"version-history":[{"count":8,"href":"https:\/\/eppne.ca\/en\/wp-json\/wp\/v2\/tribe_events\/2855\/revisions"}],"predecessor-version":[{"id":2868,"href":"https:\/\/eppne.ca\/en\/wp-json\/wp\/v2\/tribe_events\/2855\/revisions\/2868"}],"wp:featuredmedia":[{"embeddable":true,"href":"https:\/\/eppne.ca\/en\/wp-json\/wp\/v2\/media\/2865"}],"wp:attachment":[{"href":"https:\/\/eppne.ca\/en\/wp-json\/wp\/v2\/media?parent=2855"}],"wp:term":[{"taxonomy":"post_tag","embeddable":true,"href":"https:\/\/eppne.ca\/en\/wp-json\/wp\/v2\/tags?post=2855"},{"taxonomy":"tribe_events_cat","embeddable":true,"href":"https:\/\/eppne.ca\/en\/wp-json\/wp\/v2\/tribe_events_cat?post=2855"}],"curies":[{"name":"wp","href":"https:\/\/api.w.org\/{rel}","templated":true}]}}

Marche 20 septembre à Montrléal (Métro Guy-Concordia) &#8211; March on September 20th

<p>Non à l&#8217;idéologie du genre dans les écoles, No to gender ideology in schools</p>
<p>Le samedi 20 septembre à 10 heure au 1515, Rue Sainte-Catherie Ouest Montréal Québec</p>
<p>Saturday at 10 am at 1515, Sainte-Catherine West Montréal, Québec</p>
<p><img fetchpriority="high" decoding="async" class="alignnone size-medium wp-image-2865" src="http://eppne.ca/wp-content/uploads/2025/09/20-sept-225x300.jpg" alt="" width="225" height="300" srcset="https://eppne.ca/wp-content/uploads/2025/09/20-sept-225x300.jpg 225w, https://eppne.ca/wp-content/uploads/2025/09/20-sept.jpg 598w" sizes="(max-width: 225px) 100vw, 225px" /></p>

<p>Non à l&#8217;idéologie du genre dans les écoles &#8211; No to gender ideology in schools</p>

<!-- This site is optimized with the Yoast SEO plugin v27.5 - https://yoast.com/product/yoast-seo-wordpress/ -->
<title>Marche 20 septembre à Montrléal (Métro Guy-Concordia) - March on September 20th - EPPNE</title>
<meta name="description" content="Non à l&#039;idéologie du genre dans les écoles - No to gender ideology in schools" />
<meta name="robots" content="index, follow, max-snippet:-1, max-image-preview:large, max-video-preview:-1" />
<link rel="canonical" href="https://eppne.ca/en/event/marche-20-septembre-a-montrleal-metro-guy-concordia-march-on-september-20th/" />
<meta property="og:locale" content="en_US" />
<meta property="og:type" content="article" />
<meta property="og:title" content="Marche 20 septembre à Montrléal (Métro Guy-Concordia) - March on September 20th - EPPNE" />
<meta property="og:description" content="Non à l&#039;idéologie du genre dans les écoles - No to gender ideology in schools" />
<meta property="og:url" content="https://eppne.ca/en/event/marche-20-septembre-a-montrleal-metro-guy-concordia-march-on-september-20th/" />
<meta property="og:site_name" content="EPPNE" />
<meta property="article:modified_time" content="2025-09-18T08:03:08+00:00" />
<meta property="og:image" content="https://eppne.ca/wp-content/uploads/2025/09/20-sept.jpg" />
	<meta property="og:image:width" content="598" />
	<meta property="og:image:height" content="799" />
	<meta property="og:image:type" content="image/jpeg" />
<meta name="twitter:card" content="summary_large_image" />
<meta name="twitter:label1" content="Est. reading time" />
	<meta name="twitter:data1" content="1 minute" />
<script type="application/ld+json" class="yoast-schema-graph">{"@context":"https:\/\/schema.org","@graph":[{"@type":"WebPage","@id":"https:\/\/eppne.ca\/event\/marche-20-septembre-a-montrleal-metro-guy-concordia-march-on-september-20th\/","url":"https:\/\/eppne.ca\/event\/marche-20-septembre-a-montrleal-metro-guy-concordia-march-on-september-20th\/","name":"Marche 20 septembre à Montrléal (Métro Guy-Concordia) - March on September 20th - EPPNE","isPartOf":{"@id":"https:\/\/eppne.ca\/#website"},"primaryImageOfPage":{"@id":"https:\/\/eppne.ca\/event\/marche-20-septembre-a-montrleal-metro-guy-concordia-march-on-september-20th\/#primaryimage"},"image":{"@id":"https:\/\/eppne.ca\/event\/marche-20-septembre-a-montrleal-metro-guy-concordia-march-on-september-20th\/#primaryimage"},"thumbnailUrl":"https:\/\/eppne.ca\/wp-content\/uploads\/2025\/09\/20-sept.jpg","datePublished":"2025-09-13T21:37:38+00:00","dateModified":"2025-09-18T08:03:08+00:00","description":"Non à l'idéologie du genre dans les écoles - No to gender ideology in schools","breadcrumb":{"@id":"https:\/\/eppne.ca\/event\/marche-20-septembre-a-montrleal-metro-guy-concordia-march-on-september-20th\/#breadcrumb"},"inLanguage":"en-CA","potentialAction":[{"@type":"ReadAction","target":["https:\/\/eppne.ca\/event\/marche-20-septembre-a-montrleal-metro-guy-concordia-march-on-september-20th\/"]}]},{"@type":"ImageObject","inLanguage":"en-CA","@id":"https:\/\/eppne.ca\/event\/marche-20-septembre-a-montrleal-metro-guy-concordia-march-on-september-20th\/#primaryimage","url":"https:\/\/eppne.ca\/wp-content\/uploads\/2025\/09\/20-sept.jpg","contentUrl":"https:\/\/eppne.ca\/wp-content\/uploads\/2025\/09\/20-sept.jpg","width":598,"height":799},{"@type":"BreadcrumbList","@id":"https:\/\/eppne.ca\/event\/marche-20-septembre-a-montrleal-metro-guy-concordia-march-on-september-20th\/#breadcrumb","itemListElement":[{"@type":"ListItem","position":1,"name":"Home","item":"https:\/\/eppne.ca\/"},{"@type":"ListItem","position":2,"name":"Events","item":"https:\/\/eppne.ca\/en\/events\/"},{"@type":"ListItem","position":3,"name":"Marche 20 septembre à Montrléal (Métro Guy-Concordia) &#8211; March on September 20th"}]},{"@type":"WebSite","@id":"https:\/\/eppne.ca\/#website","url":"https:\/\/eppne.ca\/","name":"EPPNE","description":"Ensemble pour protéger nos enfants","publisher":{"@id":"https:\/\/eppne.ca\/#organization"},"potentialAction":[{"@type":"SearchAction","target":{"@type":"EntryPoint","urlTemplate":"https:\/\/eppne.ca\/?s={search_term_string}"},"query-input":{"@type":"PropertyValueSpecification","valueRequired":true,"valueName":"search_term_string"}}],"inLanguage":"en-CA"},{"@type":"Organization","@id":"https:\/\/eppne.ca\/#organization","name":"EPPNE","url":"https:\/\/eppne.ca\/","logo":{"@type":"ImageObject","inLanguage":"en-CA","@id":"https:\/\/eppne.ca\/#\/schema\/logo\/image\/","url":"https:\/\/eppne.ca\/wp-content\/uploads\/2024\/02\/cropped-Enssemble-pour-proteger-nos-enfants-Logo.png","contentUrl":"https:\/\/eppne.ca\/wp-content\/uploads\/2024\/02\/cropped-Enssemble-pour-proteger-nos-enfants-Logo.png","width":500,"height":250,"caption":"EPPNE"},"image":{"@id":"https:\/\/eppne.ca\/#\/schema\/logo\/image\/"}}]}</script>
<!-- / Yoast SEO plugin. -->

Marche 20 septembre à Montrléal (Métro Guy-Concordia) - March on September 20th - EPPNE

Non à l'idéologie du genre dans les écoles - No to gender ideology in schools

Ensemble pour protéger nos enfants
